ainder when 1954 - 13/((-78)/(-36)) - (-152)/(-19) is divided by 37.
16
Let z(h) = -2127*h + 10669. Suppose o - 1 = 8. Calculate the remainder when z(5) is divided by o.
7
Suppose 3*v + 1141 + 215 = 4*u, -2*u - 4*v = -700. What is the remainder when u is divided by 24?
6
Let c(f) = -f**2 + 10*f - 5. Suppose -232*q - 580 = -242*q. What is the remainder when q is divided by c(7)?
10
Let n = -297 + 326. Suppose 21 = q + 3*v, 4*q + 2*v - n - 15 = 0. Calculate the remainder when 161 is divided by q.
8
Let w(y) = 2*y + 63. Let c be w(0). Suppose 0 = -c*p + 61*p + 378. Suppose -k + 4*k = p. What is the remainder when k is divided by 22?
19
Let z(o) = -4*o**2 - 21*o - 18. Let p be (-44)/(-10) + 2/(-5). Suppose p*w = 14 + 22. What is the remainder when w is divided by z(-4)?
1
Suppose 1338 + 2576 = 38*p. Let x = -7 - -18. What is the remainder when p is divided by x?
4
Suppose 26*r - 25*r = -5*f + 464, -3*r = -f - 1456. Calculate the remainder when 3394 is divided by r.
6
Suppose 0 = 5*v + 5*w + 972 - 1932, -3*w = -2*v + 379. What is the remainder when 215 is divided by v?
24
Let g(b) = -3*b + 4. Let f(c) = 32*c + 277. Let y be f(-8). What is the remainder when g(-4) is divided by (3 + 34/(-14))*y/6?
0
Let g = -4789 - -5240. Calculate the remainder when g is divided by 57.
52
Suppose 74*i + 53*i - 750 = -115. Let d = 0 - -1. Suppose w - 23 = -d. What is the remainder when w is divided by i?
2
Let x be (-10)/275*-11 - 14/10. Calculate the remainder when x - ((-15763)/55 + (-6)/(-10)) is divided by 16.
13
Let n = 218 - -3045. What is the remainder when n is divided by 64?
63
Let h(b) = -b**3 + 8*b**2 - 5*b - 1. Let o be h(5). Let z = o - 30. Let a = 79 - z. Calculate the remainder when a is divided by 21.
18
Suppose 0 = c + 5, -2*c + 64 = z - 188. Let m = z + -182. Suppose -5 = b + 3*s - 21, -s = 5*b - 136. What is the remainder when m is divided by b?
24
Suppose -4*b + 36 = 5*b. Let s(w) = -w**2 + 6*w + 3. Calculate the remainder when b/10 - 3/((-30)/196) is divided by s(6).
2
Suppose 4*f = -12, 0 = -4*r - 2*f + 76 + 50. Calculate the remainder when 0 - -2*(-228)/(-8) is divided by r.
24
Let s(n) = 12*n**2 + 48*n - 72. Calculate the remainder when 4498 is divided by s(3).
178
Let l(a) = a + 22. Let u(c) = -c + 4. Let h(r) = l(r) + 4*u(r). Let n be (-37)/(-3) + (-4)/3. Calculate the remainder when 19 is divided by h(n).
4
Suppose 0 = 4*z + x - 777, -163 = 3*x - 166. What is the remainder when z is divided by 61?
11
Suppose -83900 - 100037 + 8437 = -234*x. Calculate the remainder when x is divided by 174.
54
Let z be 27/((-5 - -3)/2). Let u = -13 - z. Suppose -4*l + 8 = -4*d + 212, 2*l - 168 = -3*d. What is the remainder when d is divided by u?
12
Let s(c) = -7*c + 33. Calculate the remainder when 3518 is divided by s(-1).
38
Calculate the remainder when 138 is divided by (-94231)/(-4301) - 2/(-22).
6
Suppose -4 = 3*o - z - 15, 4*o - 5*z = 0. Let u = o - -17. Calculate the remainder when 81 is divided by u.
15
Let b(o) = -o**3 + 5*o**2 + 2*o + 27. Suppose -89*v = -88*v - 6. What is the remainder when b(v) is divided by 1?
0
Let t be 8 + (18/(-3))/3. Suppose 48 = 4*r + 4*y, r - 4*y - y = -t. Suppose r*b - 136 = 17. What is the remainder when 67 is divided by b?
16
Suppose 213*u - 32061 = 15 - 4386. What is the remainder when 3378 is divided by u?
128
Suppose 20*o - 22 = 538. Let a = -51 + 66. Let d(y) = -y**3 + 14*y**2 + 23*y - 9. Calculate the remainder when d(a) is divided by o.
27
Suppose -5*o + 19 = -26. Suppose 0 = 4*b + 20, 5*f - o*b + 5*b - 100 = 0. What is the remainder when 43 is divided by f?
11
Suppose 4*q - 4*j - 20 = 0, 2*q - 6*q + j = -11. Calculate the remainder when 36 is divided by (-12 - -1)*(-6)/q.
3
Let w(p) = p**3 - 2*p**2 - 4. Let i be w(3). Let h(x) = 7*x**2 - x**3 - 4 + 7 + 5*x + 5. What is the remainder when h(i) is divided by 21?
20
Suppose -4*d - 2*l - 10 = 0, -2*d + 0*l = -l + 3. What is the remainder when 127 is divided by (-2 - -16) + (-1 - d - 5)?
7
Suppose 598 = 5*j - 682. Let z = j - 186. What is the remainder when z is divided by 12?
10
Suppose 86 + 46 = -12*p. What is the remainder when 29 is divided by (-112)/p - 4/22?
9
Suppose 534*r - 593*r = -4543. What is the remainder when 227 is divided by r?
73
Let y be (-9)/(2*3/(-498)). Suppose -5*p + p = 3*q - y, 5*p = -3*q + 750. What is the remainder when q is divided by 13?
11
Let g = -33708 + 34142. Calculate the remainder when g is divided by 18.
2
Suppose 6*r - 9*r + 57 = 0. Let z = 7834 + -7801. Calculate the remainder when z is divided by r.
14
Suppose 0 = -3*g - 2*u + 95, 2*u + 12 - 14 = 0. Suppose 23*h + 648 = g*h. Calculate the remainder when h is divided by 42/(-2)*4/(-6).
11
Let j(k) = -k**3 + 11*k**2 + 80*k - 827. Calculate the remainder when 215 is divided by j(10).
69
Let q(z) = z**3 - 50*z**2 - 102*z - 15. Calculate the remainder when 248 is divided by q(52).
70
What is the remainder when 178 is divided by 26*(11/132*-30 + 6/2)?
9
Suppose -12 = -4*m + 8. Suppose 2*z - 21 = 3*r - 0*r, -4*z + m*r + 39 = 0. What is the remainder when z/36 - 574/(-12) is divided by 17?
14
Let y(i) = i**3 + 19*i**2 + i - 24. Let j be y(-19). Suppose 2*h + 46 = m, m + 5 - 43 = 4*h. Let u = m + j. Calculate the remainder when 73 is divided by u.
7
Let g(j) = j**2 - 7*j - 16. Suppose 3*h = 7*k - 2*k + 12, 4*k - 39 = -3*h. Let o be g(h). What is the remainder when 63 is divided by o/(-8) - (-1463)/44?
30
Suppose 309*v - 446558 = -13031. What is the remainder when v is divided by 695?
13
Suppose 83*o - 76*o - 322 = 0. Suppose -2*f + 2*g - 26 = 0, -2*f + 28 = -4*f + 4*g. Let b = f + 28. What is the remainder when o is divided by b?
14
Let q be 5*-54 + 0/(-2). What is the remainder when 45 is divided by q/75*60/(-9)?
21
Suppose -4*q + 134 - 154 = 0. Let l(n) = n**2 + 6*n + 9. Let x be l(q). Let j = 4 + x. What is the remainder when 21 is divided by j?
5
Let a be 39/65 + 216/15. Suppose -73 = -a*q + 14*q. Suppose 2*u + 29 = 67. Calculate the remainder when q is divided by u.
16
Suppose -45 = -8*g + 75. Suppose x + 4*q - 68 = 0, -2*q = 6*x - 2*x - 342. Let y = 108 - x. Calculate the remainder when y is divided by g.
5
Suppose 6*j - 2384 = -644. Suppose -289*d = -j*d + 80. What is the remainder when d is divided by 12?
8
Let m = 41626 - 24604. Calculate the remainder when m is divided by 75.
72
Suppose 0 = 352*o + 5*o - 9639. Let u = 40 + -24. Calculate the remainder when o is divided by u.
11
Suppose 100*k - 16514 = -2570 + 8356. What is the remainder when k is divided by 100?
23
Let y = 24504 - 24247. Calculate the remainder when 1566 is divided by y.
24
Let r be (-2 - 3)*(2 + -6 + 10). Let x = 49 + r. Calculate the remainder when 69 is divided by x.
12
Let o = 4004 - 3917. Calculate the remainder when 455 is divided by o.
20
Suppose 29 = 2*q + 15. Suppose 9*w - 32 = q*w. Calculate the remainder when 40 is divided by w.
8
Let z(o) = 2*o**2 + 53*o + 231. Calculate the remainder when 326 is divided by z(-28).
11
Let z = 44 - 2. Let j(v) = -v**3 - 17*v**2 - 13*v - 36. Let n be j(-16). Let q = 106 + n. Calculate the remainder when z is divided by q.
20
Suppose -2*n + 33 = -99. What is the remainder when 287 + 347 + 1 + 23 is divided by n?
64
Let k(x) = x**3 - 13*x**2 + 11*x + 7. Let r be k(12). Let d(g) = 13*g + 86. Calculate the remainder when 23 is divided by d(r).
2
Suppose -d = -4, 3*d = 255*h - 258*h + 5109. What is the remainder when h is divided by 562?
13
Calculate the remainder when (126/12)/((-24)/(-8))*106 is divided by 291.
80
Suppose 2*y + y - 15 = 0, -2*n + 3*y + 3473 = 0. Let r = n + -1189. What is the remainder when r/6*36/30 is divided by 19?
16
Let j(d) be the first derivative of 3*d**2/2 - 39*d - 26. What is the remainder when 56 is divided by j(23)?
26
Let p = 1664 + -1643. Calculate the remainder when p is divided by 14.
7
Let j be -106*(-10)/35*-7. Let w = 244 + j. Calculate the remainder when 189 is divided by w.
29
Let r = -4 + 67. Let n = -58 + r. What is the remainder when 22 is divided by n?
2
Suppose 1 = -2*t - x, 5*t = -0*t - 2*x. Suppose 2*f = 4 + t. Suppose 0 = -7*l + 57 - 29. Calculate the remainder when l is divided by f.
1
Suppose z - 3*n = 264, 2*n + 2 = 12. Suppose -2*r - r + z = 3*o, -3*o - r + 281 = 0. What is the remainder when o is divided by 24?
22
